{"id":93,"date":"2026-04-03T09:00:18","date_gmt":"2026-04-03T07:00:18","guid":{"rendered":"http:\/\/arcesdg.cluster026.hosting.ovh.net\/?page_id=93"},"modified":"2026-04-03T09:52:17","modified_gmt":"2026-04-03T07:52:17","slug":"equipe-municipale","status":"publish","type":"page","link":"http:\/\/arcesdg.cluster026.hosting.ovh.net\/index.php\/equipe-municipale\/","title":{"rendered":"Equipe municipale"},"content":{"rendered":"\n<p>Annie BAKOUR (Maire), Henri ROUSSELLE (1er Adjoint), Laurence BONNO (2\u00e8me Adjointe), M\u00e9lanie HOUFEK (Maire d\u00e9l\u00e9gu\u00e9e de Dilo), Didier LANDMANN, Patricia DELESSALE, Romain DABKOWSKI, Sandrine HEBRAS, Dominique DELOHEN, Christelle LEFEVRE, Rudy MAROT, Kimberley PERROT, Ludovic LEFEVRE, Sylviane MOUILLERON, G\u00e9rard MOUILLLERON.<\/p>\n\n\n\n<p><\/p>\n","protected":false},"excerpt":{"rendered":"<p>Annie BAKOUR (Maire), Henri ROUSSELLE (1er Adjoint), Laurence BONNO (2\u00e8me Adjointe), M\u00e9lanie HOUFEK (Maire d\u00e9l\u00e9gu\u00e9e de Dilo), Didier LANDMANN, Patricia DELESSALE, Romain DABKOWSKI, Sandrine HEBRAS, Dominique DELOHEN, Christelle LEFEVRE, Rudy MAROT, Kimberley PERROT, Ludovic LEFEVRE, Sylviane MOUILLERON, G\u00e9rard MOUILLLERON.<\/p>\n","protected":false},"author":1,"featured_media":0,"parent":0,"menu_order":0,"comment_status":"closed","ping_status":"closed","template":"","meta":{"footnotes":""},"class_list":["post-93","page","type-page","status-publish","hentry"],"_links":{"self":[{"href":"http:\/\/arcesdg.cluster026.hosting.ovh.net\/index.php\/wp-json\/wp\/v2\/pages\/93","targetHints":{"allow":["GET"]}}],"collection":[{"href":"http:\/\/arcesdg.cluster026.hosting.ovh.net\/index.php\/wp-json\/wp\/v2\/pages"}],"about":[{"href":"http:\/\/arcesdg.cluster026.hosting.ovh.net\/index.php\/wp-json\/wp\/v2\/types\/page"}],"author":[{"embeddable":true,"href":"http:\/\/arcesdg.cluster026.hosting.ovh.net\/index.php\/wp-json\/wp\/v2\/users\/1"}],"replies":[{"embeddable":true,"href":"http:\/\/arcesdg.cluster026.hosting.ovh.net\/index.php\/wp-json\/wp\/v2\/comments?post=93"}],"version-history":[{"count":14,"href":"http:\/\/arcesdg.cluster026.hosting.ovh.net\/index.php\/wp-json\/wp\/v2\/pages\/93\/revisions"}],"predecessor-version":[{"id":2429,"href":"http:\/\/arcesdg.cluster026.hosting.ovh.net\/index.php\/wp-json\/wp\/v2\/pages\/93\/revisions\/2429"}],"wp:attachment":[{"href":"http:\/\/arcesdg.cluster026.hosting.ovh.net\/index.php\/wp-json\/wp\/v2\/media?parent=93"}],"curies":[{"name":"wp","href":"https:\/\/api.w.org\/{rel}","templated":true}]}}