{"id":838,"date":"2022-02-11T18:50:10","date_gmt":"2022-02-11T17:50:10","guid":{"rendered":"http:\/\/arcesdg.cluster026.hosting.ovh.net\/?page_id=838"},"modified":"2024-10-31T08:38:50","modified_gmt":"2024-10-31T07:38:50","slug":"letang-et-la-peche","status":"publish","type":"page","link":"http:\/\/arcesdg.cluster026.hosting.ovh.net\/index.php\/letang-et-la-peche\/","title":{"rendered":"L&rsquo;\u00e9tang et la p\u00eache"},"content":{"rendered":"\n<figure class=\"wp-block-gallery has-nested-images columns-default is-cropped wp-block-gallery-1 is-layout-flex wp-block-gallery-is-layout-flex\">\n<figure class=\"wp-block-image size-large\"><img loading=\"lazy\" decoding=\"async\" width=\"1024\" height=\"768\" data-id=\"1421\" src=\"http:\/\/arcesdg.cluster026.hosting.ovh.net\/wp-content\/uploads\/2023\/02\/etang-peche-1024x768.jpg\" alt=\"\" class=\"wp-image-1421\" srcset=\"http:\/\/arcesdg.cluster026.hosting.ovh.net\/wp-content\/uploads\/2023\/02\/etang-peche-1024x768.jpg 1024w, http:\/\/arcesdg.cluster026.hosting.ovh.net\/wp-content\/uploads\/2023\/02\/etang-peche-300x225.jpg 300w, http:\/\/arcesdg.cluster026.hosting.ovh.net\/wp-content\/uploads\/2023\/02\/etang-peche-768x576.jpg 768w, http:\/\/arcesdg.cluster026.hosting.ovh.net\/wp-content\/uploads\/2023\/02\/etang-peche-1536x1152.jpg 1536w, http:\/\/arcesdg.cluster026.hosting.ovh.net\/wp-content\/uploads\/2023\/02\/etang-peche-2048x1536.jpg 2048w\" sizes=\"auto, (max-width: 767px) 89vw, (max-width: 1000px) 54vw, (max-width: 1071px) 543px, 580px\" \/><\/figure>\n<\/figure>\n\n\n\n<h2 class=\"wp-block-heading\" id=\"tarifs-de-peche\"><strong><mark style=\"background-color:rgba(0, 0, 0, 0);color:#654444\" class=\"has-inline-color\">TARIFS DE PECHE<\/mark><\/strong><\/h2>\n\n\n\n<ul class=\"wp-block-list\">\n<li><strong>40\u20ac \u00e0 l&rsquo;ann\u00e9e<\/strong><\/li>\n\n\n\n<li><strong>15\u20ac au mois<\/strong><\/li>\n\n\n\n<li><strong>10\u20ac \u00e0 la semaine<\/strong><\/li>\n\n\n\n<li><strong>5\u20ac \u00e0 la journ\u00e9e<\/strong><\/li>\n<\/ul>\n\n\n\n<p>Les enfants de moins de 12 ans pourront p\u00eacher gratuitement mais devront pr\u00e9senter un justificatif attestant de leur \u00e2ge.<\/p>\n\n\n\n<p>Les cartes de p\u00eache seront d\u00e9livr\u00e9es par Monsieur Pascal CABRER, r\u00e9gisseur et ce, directement sur place \u00e0 l&rsquo;\u00e9tang communal.<\/p>\n\n\n\n<figure class=\"wp-block-gallery has-nested-images columns-default is-cropped wp-block-gallery-2 is-layout-flex wp-block-gallery-is-layout-flex\">\n<figure class=\"wp-block-image size-large\"><img loading=\"lazy\" decoding=\"async\" width=\"1024\" height=\"768\" data-id=\"1420\" src=\"http:\/\/arcesdg.cluster026.hosting.ovh.net\/wp-content\/uploads\/2023\/02\/etang-enfants-1024x768.jpg\" alt=\"\" class=\"wp-image-1420\" srcset=\"http:\/\/arcesdg.cluster026.hosting.ovh.net\/wp-content\/uploads\/2023\/02\/etang-enfants-1024x768.jpg 1024w, http:\/\/arcesdg.cluster026.hosting.ovh.net\/wp-content\/uploads\/2023\/02\/etang-enfants-300x225.jpg 300w, http:\/\/arcesdg.cluster026.hosting.ovh.net\/wp-content\/uploads\/2023\/02\/etang-enfants-768x576.jpg 768w, http:\/\/arcesdg.cluster026.hosting.ovh.net\/wp-content\/uploads\/2023\/02\/etang-enfants-1536x1152.jpg 1536w, http:\/\/arcesdg.cluster026.hosting.ovh.net\/wp-content\/uploads\/2023\/02\/etang-enfants.jpg 2016w\" sizes=\"auto, (max-width: 767px) 89vw, (max-width: 1000px) 54vw, (max-width: 1071px) 543px, 580px\" \/><\/figure>\n\n\n\n<figure class=\"wp-block-image size-large\"><img loading=\"lazy\" decoding=\"async\" width=\"1024\" height=\"768\" data-id=\"1422\" src=\"http:\/\/arcesdg.cluster026.hosting.ovh.net\/wp-content\/uploads\/2023\/02\/etang-peche2-1024x768.jpg\" alt=\"\" class=\"wp-image-1422\" srcset=\"http:\/\/arcesdg.cluster026.hosting.ovh.net\/wp-content\/uploads\/2023\/02\/etang-peche2-1024x768.jpg 1024w, http:\/\/arcesdg.cluster026.hosting.ovh.net\/wp-content\/uploads\/2023\/02\/etang-peche2-300x225.jpg 300w, http:\/\/arcesdg.cluster026.hosting.ovh.net\/wp-content\/uploads\/2023\/02\/etang-peche2-768x576.jpg 768w, http:\/\/arcesdg.cluster026.hosting.ovh.net\/wp-content\/uploads\/2023\/02\/etang-peche2-1536x1152.jpg 1536w, http:\/\/arcesdg.cluster026.hosting.ovh.net\/wp-content\/uploads\/2023\/02\/etang-peche2-2048x1536.jpg 2048w\" sizes=\"auto, (max-width: 767px) 89vw, (max-width: 1000px) 54vw, (max-width: 1071px) 543px, 580px\" \/><\/figure>\n<\/figure>\n\n\n\n<h2 class=\"wp-block-heading has-text-align-center\" id=\"attention-l-ecrevisse-a-pinces-bleues-une-espece-invasive-dans-l-etang-d-arces\"><mark style=\"background-color:rgba(0, 0, 0, 0);color:#902020\" class=\"has-inline-color\">Attention ! L&rsquo;\u00e9crevisse \u00e0 pinces bleues, une esp\u00e8ce invasive dans l&rsquo;\u00e9tang d&rsquo;Arces !<\/mark><\/h2>\n\n\n<div class=\"wp-block-image\">\n<figure class=\"aligncenter size-full\"><img loading=\"lazy\" decoding=\"async\" width=\"412\" height=\"274\" src=\"http:\/\/arcesdg.cluster026.hosting.ovh.net\/wp-content\/uploads\/2022\/02\/ecrevisse.gif\" alt=\"\" class=\"wp-image-850\"\/><\/figure>\n<\/div>\n\n\n<p>Vous trouverez toutes les informations et les conseils en cas de p\u00eache de cette esp\u00e8ce <a rel=\"noreferrer noopener\" href=\"http:\/\/arcesdg.cluster026.hosting.ovh.net\/wp-content\/uploads\/2022\/02\/Panneau-Faxonius-virilis.pdf\" data-type=\"URL\" data-id=\"http:\/\/arcesdg.cluster026.hosting.ovh.net\/wp-content\/uploads\/2022\/02\/Panneau-Faxonius-virilis.pdf\" target=\"_blank\">ici<\/a><\/p>\n\n\n\n<p><\/p>\n\n\n\n<p><\/p>\n","protected":false},"excerpt":{"rendered":"<p>TARIFS DE PECHE Les enfants de moins de 12 ans pourront p\u00eacher gratuitement mais devront pr\u00e9senter un justificatif attestant de leur \u00e2ge. Les cartes de p\u00eache seront d\u00e9livr\u00e9es par Monsieur Pascal CABRER, r\u00e9gisseur et ce, directement sur place \u00e0 l&rsquo;\u00e9tang communal. Attention ! L&rsquo;\u00e9crevisse \u00e0 pinces bleues, une esp\u00e8ce invasive dans l&rsquo;\u00e9tang d&rsquo;Arces ! Vous &hellip; <\/p>\n<p class=\"link-more\"><a href=\"http:\/\/arcesdg.cluster026.hosting.ovh.net\/index.php\/letang-et-la-peche\/\" class=\"more-link\">Continuer la lecture<span class=\"screen-reader-text\"> de &laquo;&nbsp;L&rsquo;\u00e9tang et la p\u00eache&nbsp;&raquo;<\/span><\/a><\/p>\n","protected":false},"author":1,"featured_media":0,"parent":0,"menu_order":0,"comment_status":"closed","ping_status":"closed","template":"","meta":{"footnotes":""},"class_list":["post-838","page","type-page","status-publish","hentry"],"_links":{"self":[{"href":"http:\/\/arcesdg.cluster026.hosting.ovh.net\/index.php\/wp-json\/wp\/v2\/pages\/838","targetHints":{"allow":["GET"]}}],"collection":[{"href":"http:\/\/arcesdg.cluster026.hosting.ovh.net\/index.php\/wp-json\/wp\/v2\/pages"}],"about":[{"href":"http:\/\/arcesdg.cluster026.hosting.ovh.net\/index.php\/wp-json\/wp\/v2\/types\/page"}],"author":[{"embeddable":true,"href":"http:\/\/arcesdg.cluster026.hosting.ovh.net\/index.php\/wp-json\/wp\/v2\/users\/1"}],"replies":[{"embeddable":true,"href":"http:\/\/arcesdg.cluster026.hosting.ovh.net\/index.php\/wp-json\/wp\/v2\/comments?post=838"}],"version-history":[{"count":17,"href":"http:\/\/arcesdg.cluster026.hosting.ovh.net\/index.php\/wp-json\/wp\/v2\/pages\/838\/revisions"}],"predecessor-version":[{"id":2190,"href":"http:\/\/arcesdg.cluster026.hosting.ovh.net\/index.php\/wp-json\/wp\/v2\/pages\/838\/revisions\/2190"}],"wp:attachment":[{"href":"http:\/\/arcesdg.cluster026.hosting.ovh.net\/index.php\/wp-json\/wp\/v2\/media?parent=838"}],"curies":[{"name":"wp","href":"https:\/\/api.w.org\/{rel}","templated":true}]}}