{"id":184,"date":"2021-04-10T17:54:49","date_gmt":"2021-04-10T15:54:49","guid":{"rendered":"http:\/\/arcesdg.cluster026.hosting.ovh.net\/?page_id=184"},"modified":"2021-04-21T18:52:51","modified_gmt":"2021-04-21T16:52:51","slug":"hameaux","status":"publish","type":"page","link":"http:\/\/arcesdg.cluster026.hosting.ovh.net\/index.php\/hameaux\/","title":{"rendered":"Hameaux"},"content":{"rendered":"\n<h2 class=\"has-text-color wp-block-heading\" style=\"color:#902b33\"><strong>La Verrerie<\/strong><\/h2>\n\n\n\n<p>Il y avait encore, il y a environ 1 si\u00e8cle, derri\u00e8re les b\u00e2timents actuel de la ferme, les restes de deux tours en silex et d\u2019un ancien four. En effet, la verrerie tient son nom d\u2019une ancienne fabrique d\u2019objets en verre, qui a exist\u00e9 jusqu\u2019au milieu du XVIII\u00e8me si\u00e8cle. Le premier gentilhomme verrier cit\u00e9 est Edmond Mathieu, \u00e9cuyer, ma\u00eetre de la verrerie d\u2019Arces en 1516 et 1518. En 1522 on trouve le nom de Fran\u00e7ois Pilmer, verrier. Sur les registres d\u2019\u00e9tat civil, on voit, \u00e0 partir de 1692, le nom de Fran\u00e7ois de Colnet, sieur de Longchamp, \u00e9cuyer, ma\u00eetre verrier. Ce dernier aurait \u00e9t\u00e9 r\u00e9compens\u00e9 par le roi en 1715 pour les r\u00e9alisations de sa verrerie. Le dernier verrier cit\u00e9 est Jean de L\u00e9viston, d\u00e9c\u00e9d\u00e9 et inhum\u00e9 \u00e0 Arces en 1747. La verrerie s\u2019appelait Verrerie de la Bourgogne. Il y avait, au XV\u00e8me si\u00e8cle, trois autres verreries dans la r\u00e9gion : au four Gervais (Les Cormiers), au Vieux Verger (verrerie de Jean de B\u00e9rulle) et au four Nauldin.<\/p>\n\n\n\n<h2 class=\"has-text-color wp-block-heading\" style=\"color:#902b33\"><strong>Le Pont Evrat<\/strong><\/h2>\n\n\n\n<p>Ce hameau doit son nom \u00e0 Monsieur Evrat qui fit construire un pont en 1704 sur le ru de l&rsquo;Erable qui traverse actuellement le hameau et s\u00e9pare Arces-Dilo de Vaudeurs.<\/p>\n\n\n\n<p><\/p>\n\n\n\n<h2 class=\"has-text-color wp-block-heading\" style=\"color:#902b33\"><strong>Les Menus Bois<\/strong><\/h2>\n\n\n\n<p><\/p>\n\n\n\n<h2 class=\"has-text-color wp-block-heading\" style=\"color:#902b33\"><strong>Les Martineaux<\/strong><\/h2>\n\n\n\n<p><\/p>\n\n\n\n<h2 class=\"has-text-color wp-block-heading\" style=\"color:#902b33\"><strong>Le Charme<\/strong><\/h2>\n\n\n\n<p><\/p>\n\n\n\n<h2 class=\"has-text-color wp-block-heading\" style=\"color:#902b33\"><strong>Le Merisier <\/strong><\/h2>\n\n\n\n<p><\/p>\n\n\n\n<h2 class=\"has-text-color wp-block-heading\" style=\"color:#902b33\"><strong>Les Rondeaux<\/strong><\/h2>\n\n\n\n<p><\/p>\n\n\n\n<h2 class=\"has-text-color wp-block-heading\" style=\"color:#902b33\"><strong>Le Bois de Milly<\/strong> <\/h2>\n\n\n\n<p><\/p>\n","protected":false},"excerpt":{"rendered":"<p>La Verrerie Il y avait encore, il y a environ 1 si\u00e8cle, derri\u00e8re les b\u00e2timents actuel de la ferme, les restes de deux tours en silex et d\u2019un ancien four. En effet, la verrerie tient son nom d\u2019une ancienne fabrique d\u2019objets en verre, qui a exist\u00e9 jusqu\u2019au milieu du XVIII\u00e8me si\u00e8cle. Le premier gentilhomme verrier &hellip; <\/p>\n<p class=\"link-more\"><a href=\"http:\/\/arcesdg.cluster026.hosting.ovh.net\/index.php\/hameaux\/\" class=\"more-link\">Continuer la lecture<span class=\"screen-reader-text\"> de &laquo;&nbsp;Hameaux&nbsp;&raquo;<\/span><\/a><\/p>\n","protected":false},"author":1,"featured_media":0,"parent":0,"menu_order":0,"comment_status":"closed","ping_status":"closed","template":"","meta":{"footnotes":""},"class_list":["post-184","page","type-page","status-publish","hentry"],"_links":{"self":[{"href":"http:\/\/arcesdg.cluster026.hosting.ovh.net\/index.php\/wp-json\/wp\/v2\/pages\/184","targetHints":{"allow":["GET"]}}],"collection":[{"href":"http:\/\/arcesdg.cluster026.hosting.ovh.net\/index.php\/wp-json\/wp\/v2\/pages"}],"about":[{"href":"http:\/\/arcesdg.cluster026.hosting.ovh.net\/index.php\/wp-json\/wp\/v2\/types\/page"}],"author":[{"embeddable":true,"href":"http:\/\/arcesdg.cluster026.hosting.ovh.net\/index.php\/wp-json\/wp\/v2\/users\/1"}],"replies":[{"embeddable":true,"href":"http:\/\/arcesdg.cluster026.hosting.ovh.net\/index.php\/wp-json\/wp\/v2\/comments?post=184"}],"version-history":[{"count":8,"href":"http:\/\/arcesdg.cluster026.hosting.ovh.net\/index.php\/wp-json\/wp\/v2\/pages\/184\/revisions"}],"predecessor-version":[{"id":519,"href":"http:\/\/arcesdg.cluster026.hosting.ovh.net\/index.php\/wp-json\/wp\/v2\/pages\/184\/revisions\/519"}],"wp:attachment":[{"href":"http:\/\/arcesdg.cluster026.hosting.ovh.net\/index.php\/wp-json\/wp\/v2\/media?parent=184"}],"curies":[{"name":"wp","href":"https:\/\/api.w.org\/{rel}","templated":true}]}}

<h2 class="has-text-color wp-block-heading" style="color:#902b33"><strong>La Verrerie</strong></h2>



<p>Il y avait encore, il y a environ 1 siècle, derrière les bâtiments actuel de la ferme, les restes de deux tours en silex et d’un ancien four. En effet, la verrerie tient son nom d’une ancienne fabrique d’objets en verre, qui a existé jusqu’au milieu du XVIIIème siècle. Le premier gentilhomme verrier cité est Edmond Mathieu, écuyer, maître de la verrerie d’Arces en 1516 et 1518. En 1522 on trouve le nom de François Pilmer, verrier. Sur les registres d’état civil, on voit, à partir de 1692, le nom de François de Colnet, sieur de Longchamp, écuyer, maître verrier. Ce dernier aurait été récompensé par le roi en 1715 pour les réalisations de sa verrerie. Le dernier verrier cité est Jean de Léviston, décédé et inhumé à Arces en 1747. La verrerie s’appelait Verrerie de la Bourgogne. Il y avait, au XVème siècle, trois autres verreries dans la région : au four Gervais (Les Cormiers), au Vieux Verger (verrerie de Jean de Bérulle) et au four Nauldin.</p>



<h2 class="has-text-color wp-block-heading" style="color:#902b33"><strong>Le Pont Evrat</strong></h2>



<p>Ce hameau doit son nom à Monsieur Evrat qui fit construire un pont en 1704 sur le ru de l&rsquo;Erable qui traverse actuellement le hameau et sépare Arces-Dilo de Vaudeurs.</p>



<p></p>



<h2 class="has-text-color wp-block-heading" style="color:#902b33"><strong>Les Menus Bois</strong></h2>



<p></p>



<h2 class="has-text-color wp-block-heading" style="color:#902b33"><strong>Les Martineaux</strong></h2>



<p></p>



<h2 class="has-text-color wp-block-heading" style="color:#902b33"><strong>Le Charme</strong></h2>



<p></p>



<h2 class="has-text-color wp-block-heading" style="color:#902b33"><strong>Le Merisier </strong></h2>



<p></p>



<h2 class="has-text-color wp-block-heading" style="color:#902b33"><strong>Les Rondeaux</strong></h2>



<p></p>



<h2 class="has-text-color wp-block-heading" style="color:#902b33"><strong>Le Bois de Milly</strong> </h2>



<p></p>

<p>La Verrerie Il y avait encore, il y a environ 1 siècle, derrière les bâtiments actuel de la ferme, les restes de deux tours en silex et d’un ancien four. En effet, la verrerie tient son nom d’une ancienne fabrique d’objets en verre, qui a existé jusqu’au milieu du XVIIIème siècle. Le premier gentilhomme verrier &hellip; </p>
<p class="link-more"><a href="http://arcesdg.cluster026.hosting.ovh.net/index.php/hameaux/" class="more-link">Continuer la lecture<span class="screen-reader-text"> de &laquo;&nbsp;Hameaux&nbsp;&raquo;</span></a></p>
